the prime factors of d/(14/4 + -3)?
2, 13
Let f = -2 + 33. List the prime factors of f.
31
Let z(s) = s**3 - 3*s**2 - 3*s - 5. Let d be z(4). What are the prime factors of (-11 + (-3)/(-3))*d?
2, 5
Let z = 29 - 56. Let j = -15 - z. What are the prime factors of j?
2, 3
Let f = 444 + -290. List the prime factors of f.
2, 7, 11
Suppose 28*x + 150 = 30*x. What are the prime factors of x?
3, 5
Let c = 2 + 66. Let t = c + -28. Suppose 5*y - t + 0 = -5*r, 4*r - 22 = -2*y. List the prime factors of y.
5
Let j(x) be the second derivative of -x**5/20 + 5*x**4/12 + 3*x**3/2 - 2*x**2 - x. List the prime factors of j(6).
2, 7
Let l = -4 - -6. Let c = l - -3. What are the prime factors of c?
5
What are the prime factors of 34/(75/(-85) - -1)?
17
Suppose u = -4*u + 20. Suppose 0*c - u*l = 5*c - 151, -4*c + 92 = -4*l. What are the prime factors of c?
3
Suppose 0*t - 357 = -4*f - 5*t, -2*f + 172 = -4*t. List the prime factors of f.
2, 11
What are the prime factors of (11/(-2) + 5)/(2/(-264))?
2, 3, 11
Let g = -42 - -70. Suppose f = -4, -a + 8 = -f - g. What are the prime factors of a?
2
Suppose 2*i - n + 12 = n, -5*i - 23 = 2*n. Let u(d) = d + 7. List the prime factors of u(i).
2
Suppose 0*o + 11 = -z + 3*o, -o - 3 = -2*z. Suppose -5*f = 2*y + 4, -z*f = 2 + 14. What are the prime factors of y?
2
Suppose 0 = 2*m + 10, -4*u + u - m = 14. Let h = u + 1. List the prime factors of (4/h - -4)/1.
2
Suppose o = -4*o - 50. Let w be (8/(-5))/(4/o). Suppose z - c - 6 = w, -2*c = -3*z + 31. List the prime factors of z.
11
Let g(d) = 2*d**2 - 3*d - 3. Let n be g(4). Suppose f + n = 2*f. List the prime factors of f.
17
Suppose -8*l = -13*l + 240. List the prime factors of l.
2, 3
Suppose v + 161 = 4*g - 120, -5*v = -g + 56. List the prime factors of g.
71
Suppose -k - k + 4 = 0. Suppose -3*i + k = -1. Suppose 0 = s - 2*z - 7, -i - 2 = -s + 4*z. List the prime factors of s.
11
Suppose 11 = -2*z + 3. Let x(f) = -f**2 + 1. Let n be x(z). What are the prime factors of (2 - -1 - n) + -2?
2
Let b be -5 - -3 - (-2)/1. Suppose 6 = -3*r - b. Let f(l) = 2*l**2 + 2*l - 2. List the prime factors of f(r).
2
Suppose 5*p + 12 = 2*p. Let t be (10/p)/(1/(-4)). Suppose 0 = -a + t - 3. List the prime factors of a.
7
Let m(i) = i - 4. Let q be m(8). Let l = -6 + q. List the prime factors of 13 - (0 - l - 3).
2, 7
Suppose -4*k + k = 0. Let q(d) = d + 33. What are the prime factors of q(k)?
3, 11
Suppose -g + 17 = 3*v, 5*g - 2*g = -5*v + 35. What are the prime factors of g?
5
Let j(r) be the second derivative of -1/2*r**2 + 0 + 13/6*r**3 - 2*r. What are the prime factors of j(1)?
2, 3
Let j(s) be the first derivative of s**2 + 7*s - 1. What are the prime factors of j(5)?
17
Suppose -u + 266 = 43. List the prime factors of u.
223
Suppose 15*z - 32 = 11*z. What are the prime factors of z?
2
Let f(o) = -o**2 - 15*o - 4. What are the prime factors of f(-10)?
2, 23
Suppose -o = -5*o + 968. List the prime factors of o.
2, 11
Suppose -3 = 3*b - 4*q + 25, -3*q + 19 = -2*b. Suppose m + 90 = 2*u, 0 = -3*u + 4*m + 66 + 59. What are the prime factors of u/5 + b/20?
3
Let p = -50 + 36. What are the prime factors of 32/(-4)*p/4?
2, 7
Suppose -c + 3*s - 7 = 0, -c - 2*s = -3 - 0. Let j be -2 + (117 - c)/2. List the prime factors of 2/(-5) + j/5.
11
Let t(g) = -5*g + 4. What are the prime factors of t(-11)?
59
Let m(x) = 5*x - 4. Let p be m(3). Let v = 4 + -2. Suppose -v*d - p = -31. What are the prime factors of d?
2, 5
Let y = 130 - 69. What are the prime factors of y?
61
Let m(v) be the third derivative of 1/10*v**5 + 3/8*v**4 + 0*v + 3*v**2 - 1/120*v**6 + 0 - 2/3*v**3. List the prime factors of m(7).
2, 5
Let a = -11 - -11. Suppose s - l = 2*l + 17, 5*s + 3*l - 103 = a. List the prime factors of s.
2, 5
Suppose 5*s - 57 = -v, -30 = 4*s - 6*s - 4*v. Suppose -z = -5*m + z + 28, -2*m + z + s = 0. List the prime factors of m.
2, 3
Let p(y) = -y**2 - 6*y - 3. Let t(m) be the second derivative of -m**5/20 - m**3/6 - 2*m**2 + 3*m. Let f be t(0). List the prime factors of p(f).
5
Suppose -2*h = -h + 22. Let f = h - -36. Suppose -2*d = -2*w + f, 4*w - d - 23 = w. List the prime factors of w.
2
Let g = -32 + 170. Let o be ((-6)/4)/(3/g). List the prime factors of o/(-6) + (-2)/(-4).
2, 3
Let c(r) = -r**2 - 2*r + 4. Let z be c(3). Let n = z + 23. List the prime factors of n.
2, 3
Let r(x) = x**2 - 6*x + 2. Let a be (-21)/(-6)*1*2. Suppose b = i + a, 2*b - i - 14 = -1. What are the prime factors of r(b)?
2
Let o(a) = a**3 - 2*a**2 - 2*a + 2. Let h be o(3). Suppose 0 = -5*s - h*z + 40, 3*s + 4*z + 10 = 5*s. What are the prime factors of s?
7
Let y = 67 - 14. Let f = 29 + y. Suppose 0 = -4*s + 3*o + f, 3*s + 4*o = 6*s - 65. List the prime factors of s.
19
Suppose 4*c = 5*j - 30, 4*c + 10 = -6*j + j. Suppose j*i = -i. Suppose i = q - 5. List the prime factors of q.
5
Suppose -5*o + 384 + 766 = 0. What are the prime factors of o?
2, 5, 23
Let v = 7 - 7. List the prime factors of (v + 6)*10/4.
3, 5
Let w(a) = -a**2 - 19*a + 15. List the prime factors of w(-17).
7
Let n = 1 - -1. Suppose -n*y + 6 = -2. Suppose -y*q + 8 = 0, -2*c - 4*q + 22 = q. List the prime factors of c.
2, 3
Let n(u) = -u**3 + 4*u**2 - u - 4. Let f be n(3). Suppose 0 = -z + b + 6, 0 = -3*z - f*b + 2 + 16. What are the prime factors of (-1 + -1 + 3)*z?
2, 3
What are the prime factors of (-46)/(-4) + (-3)/6?
11
Let d be 2*(-1)/(2/(-4)). Suppose -5*j = -d*z - 14, -z + 3 = -0*j + 2*j. Suppose -t - 3*n + 24 = j*t, 3*t + 5*n - 24 = 0. List the prime factors of t.
2
Suppose 0 = o - k - 9, 5*o + 2*k - 12 = o. Suppose 0 = o*g - 25, -4*f + 0*g - 13 = -5*g. Let z = f - 0. What are the prime factors of z?
3
Let y(x) = x**3 - 8*x**2 + 6*x + 4. Let r be y(7). What are the prime factors of -43*(-5 - -4) + r?
2, 5
Suppose -7*q + 212 = -3*q. What are the prime factors of q?
53
Let x(z) = -27*z + 1. Let m be x(-3). What are the prime factors of m/5 + (-18)/45?
2
Let h = -348 + 511. What are the prime factors of h?
163
Let u(t) = t**3 - 6 - 4 - 10*t + 6 - 6*t**2. List the prime factors of u(8).
2, 11
Let b(u) = 2*u**2 - 10*u + 6. Let v be b(7). What are the prime factors of (-2)/3 - v/(-6)?
5
Suppose 2*r - 670 = 4*c, 2*c + 3*c - 328 = -r. What are the prime factors of r?
3, 37
Let r(x) = x**3 + 5*x**2 + 3*x. Let i be r(-4). Let b(h) = i*h**2 - h**3 - 1 + 0*h**3 + 2*h + 2*h. List the prime factors of b(4).
3, 5
Suppose 7*o + 3*l = 3*o + 18, 0 = 4*o + 2*l - 20. Suppose 0 = 4*c + o - 166. What are the prime factors of c?
2, 5
Let x be 13 + 0*1/(-2). Let i = 1 + x. What are the prime factors of i?
2, 7
Suppose n = 1 + 2. Suppose -2*o = -x - 14, -n*o - 4*x + 35 = -2*x. List the prime factors of o.
3
Let l(k) = 8*k - 20. What are the prime factors of l(9)?
2, 13
Suppose 0 = 3*f + 43 - 166. Suppose 2 + 2 = 2*s. Suppose c = 4*x - 57, 3*x - c - f = -s*c. What are the prime factors of x?
2, 7
Let s = -190 - -358. Suppose -t - 3*t = -s. Let l = t - 22. What are the prime factors of l?
2, 5
Suppose 3*f = 725 + 157. What are the prime factors of f?
2, 3, 7
Suppose 0 = -4*p + 3*f + 40, 44 = 5*p - 5*f - 6. Suppose -5*a - p = -5*j, -a - 36 = -5*j - 6. List the prime factors of j.
7
Suppose -5*a + 20 = -5*j, -2*j - a - 3 = 2. List the prime factors of (-16)/(j/(-2) + -2).
2
Let y(a) = 2*a - 10. Let n be y(7). Suppose n*c + 0*c - 12 = 0. Suppose c*q + 4*j - 35 = 0, -4*q = -7*j + 2*j - 57. List the prime factors of q.
13
Let c(f) = 11*f**2 - 3*f - 3. Let o be c(-2). Suppose -3*n + o + 22 = 0. What are the prime factors of n?
23
Let m be -3*(-3)/(27/(-240)). List the prime factors of ((-12)/10)/(12/m).
2
Let n(s) = s**3 - 14*s**2 - 5*s - 1. What are the prime factors of n(15)?
149
Suppose -5*r + 244 = 3*x, 2*r = -2*x + 107 + 53. What are the prime factors of x?
2, 3, 13
Suppose -57 = -x - 5*y, 0*x = 3*x - 3*y - 81. What are the prime factors of x?
2
Suppose 0 = 4*o + 3*x - 9, 11 = -4*o + 5*x + 28. Suppose -v - 4*h = -18 - 22, 0 = -h - 2. Suppose -k = o*k - v. What are the prime factors of k?
2, 3
Suppose -7 = -x + 2*k, -2*x + 2*k = -1 - 15. What are the prime factors of ((-8)/(-6))/(1/x)?
2, 3
Let q be 2*-1*3/(-6). Let o(s) = 2*s**2 + 0*s - 5*s + q - 5. List the prime factors of o(4).
2
Suppose -3*j = -0*j. Suppose 18 = 3*v + 3*y, j = -v + 3*v + 4*y - 16. List the prime factors of v.
2
Su